{"id":557,"date":"2024-05-05T11:08:25","date_gmt":"2024-05-05T09:08:25","guid":{"rendered":"https:\/\/www.viva-gladius.com\/?page_id=557"},"modified":"2026-01-18T11:50:11","modified_gmt":"2026-01-18T10:50:11","slug":"klani-veku","status":"publish","type":"page","link":"https:\/\/www.viva-gladius.com\/?page_id=557","title":{"rendered":"Kl\u00e1n\u00ed v\u011bk\u016f"},"content":{"rendered":"\n<p>Kl\u00e1n\u00ed v\u011bk\u016f je ji\u017e tradi\u010dn\u00ed charitativn\u00ed akc\u00ed, kterou po\u0159\u00e1d\u00e1 plze\u0148sk\u00e1 skupina historick\u00e9ho \u0161ermu Gladiatores Viva Gladius a Ran\u010d na \u0160\u00eddlov\u00e1ku ve spolupr\u00e1ci s celou \u0159adou partner\u016f.<\/p>\n\n\n\n<p>V roce 2026 n\u00e1s \u010dek\u00e1 ji\u017e 7. ro\u010dn\u00edk t\u00e9to st\u00e1le popul\u00e1rn\u011bj\u0161\u00ed akce.<\/p>\n\n\n\n<p><img loading=\"lazy\" decoding=\"async\" width=\"350\" height=\"466\" class=\"wp-image-1224\" style=\"width: 350px;\" src=\"https:\/\/www.viva-gladius.com\/wp-content\/uploads\/2025\/06\/506841460_712558594701660_7276690070624267164_n.jpg\" alt=\"\" srcset=\"https:\/\/www.viva-gladius.com\/wp-content\/uploads\/2025\/06\/506841460_712558594701660_7276690070624267164_n.jpg 526w, https:\/\/www.viva-gladius.com\/wp-content\/uploads\/2025\/06\/506841460_712558594701660_7276690070624267164_n-225x300.jpg 225w\" sizes=\"auto, (max-width: 350px) 100vw, 350px\" \/><\/p>\n\n\n\n<p>V roce 2026 pom\u016f\u017eeme na\u0161\u00ed kamar\u00e1dce \u0160\u00e1rce.<\/p>\n\n\n\n<p><a><\/a>Po dlouhodob\u00fdch probl\u00e9mech s p\u00e1te\u0159\u00ed, zvolili l\u00e9ka\u0159i amputaci obou doln\u00edch kon\u010detin jako nejlep\u0161\u00ed mo\u017enost \u00falevy. I tak je \u0160\u00e1rka vesel\u00e1 a nezatrpkl\u00e1, opl\u00fdvaj\u00edc\u00ed peprn\u011b \u010dern\u00fdm humorem a v\u017edy p\u0159ipravena pomoci komukoliv kdo to pot\u0159ebuje.<\/p>\n\n\n\n<p>Te\u010f jsme na \u0159ed\u011b my!<\/p>\n\n\n\n<p>\u0160\u00e1rka odm\u00edtla nab\u00eddku na elektrick\u00fd voz\u00edk, nechce aby jej\u00ed t\u011blo zleniv\u011blo. A tak si skrom\u011b p\u0159eje pouh\u00fd mechanick\u00fd voz\u00edk, kter\u00e9mu m\u016f\u017ee v\u011b\u0159it a mo\u017en\u00e1 na n\u011bm i tro\u0161ku sportovat.<\/p>\n\n\n\n<p>To d\u00e1me ne?!<\/p>\n\n\n\n<p><strong>Partne\u0159i akce:<\/strong> <mark style=\"background-color:rgba(0, 0, 0, 0)\" class=\"has-inline-color has-vivid-red-color\">PIZZA-DOMA, RAN\u010c \u0160\u00cdDLOV\u00c1K, ANTICK\u00c9 A EGYPTSK\u00c9 L\u00c1ZN\u011a PLZE\u0147, IVO KADLIC, PLATN\u00c9\u0158STV\u00cd KARAKULA, BEER FACTORY, ZOO PLASY A U \u010cERN\u00c9 LABUT\u011a.<\/mark><\/p>\n\n\n\n<p>VSTUPN\u00c9:<\/p>\n\n\n\n<p><strong>Dosp\u011bl\u00ed: 120,-K\u010d<\/strong><\/p>\n\n\n\n<p><strong>D\u011bti: 70,-K\u010d<\/strong><\/p>\n\n\n\n<p><strong>Rodinn\u00e9: 300,-K\u010d<\/strong><\/p>\n\n\n\n<p><strong>Do 5ti let: Zdarma<\/strong><\/p>\n\n\n\n<figure class=\"wp-block-image size-large\"><a href=\"https:\/\/www.kudyznudy.cz\/\"><img loading=\"lazy\" decoding=\"async\" width=\"1024\" height=\"279\" src=\"https:\/\/www.viva-gladius.com\/wp-content\/uploads\/2025\/04\/kudy-z-nudy-logo-2-1024x279.png\" alt=\"\" class=\"wp-image-1058\" srcset=\"https:\/\/www.viva-gladius.com\/wp-content\/uploads\/2025\/04\/kudy-z-nudy-logo-2-1024x279.png 1024w, https:\/\/www.viva-gladius.com\/wp-content\/uploads\/2025\/04\/kudy-z-nudy-logo-2-300x82.png 300w, https:\/\/www.viva-gladius.com\/wp-content\/uploads\/2025\/04\/kudy-z-nudy-logo-2-768x210.png 768w, https:\/\/www.viva-gladius.com\/wp-content\/uploads\/2025\/04\/kudy-z-nudy-logo-2-1536x419.png 1536w, https:\/\/www.viva-gladius.com\/wp-content\/uploads\/2025\/04\/kudy-z-nudy-logo-2-1140x311.png 1140w, https:\/\/www.viva-gladius.com\/wp-content\/uploads\/2025\/04\/kudy-z-nudy-logo-2.png 1920w\" sizes=\"auto, (max-width: 1024px) 100vw, 1024px\" \/><\/a><\/figure>\n\n\n<div class=\"wp-block-image\">\n<figure class=\"aligncenter size-large\"><a href=\"https:\/\/www.viva-gladius.com\/wp-content\/uploads\/2026\/01\/klv2026.jpg\"><img loading=\"lazy\" decoding=\"async\" width=\"1024\" height=\"662\" src=\"https:\/\/www.viva-gladius.com\/wp-content\/uploads\/2026\/01\/klv2026-1024x662.jpg\" alt=\"\" class=\"wp-image-1438\" srcset=\"https:\/\/www.viva-gladius.com\/wp-content\/uploads\/2026\/01\/klv2026-1024x662.jpg 1024w, https:\/\/www.viva-gladius.com\/wp-content\/uploads\/2026\/01\/klv2026-300x194.jpg 300w, https:\/\/www.viva-gladius.com\/wp-content\/uploads\/2026\/01\/klv2026-768x497.jpg 768w, https:\/\/www.viva-gladius.com\/wp-content\/uploads\/2026\/01\/klv2026-1536x993.jpg 1536w, https:\/\/www.viva-gladius.com\/wp-content\/uploads\/2026\/01\/klv2026-2048x1324.jpg 2048w, https:\/\/www.viva-gladius.com\/wp-content\/uploads\/2026\/01\/klv2026-1140x737.jpg 1140w\" sizes=\"auto, (max-width: 1024px) 100vw, 1024px\" \/><\/a><\/figure>\n<\/div><div class=\"pvc_clear\"><\/div><p id=\"pvc_stats_557\" class=\"pvc_stats all  \" data-element-id=\"557\" style=\"\"><i class=\"pvc-stats-icon large\" aria-hidden=\"true\"><svg xmlns=\"http:\/\/www.w3.org\/2000\/svg\" version=\"1.0\" viewBox=\"0 0 502 315\" preserveAspectRatio=\"xMidYMid meet\"><g transform=\"translate(0,332) scale(0.1,-0.1)\" fill=\"\" stroke=\"none\"><path d=\"M2394 3279 l-29 -30 -3 -207 c-2 -182 0 -211 15 -242 39 -76 157 -76 196 0 15 31 17 60 15 243 l-3 209 -33 29 c-26 23 -41 29 -80 29 -41 0 -53 -5 -78 -31z\"\/><path d=\"M3085 3251 c-45 -19 -58 -50 -96 -229 -47 -217 -49 -260 -13 -295 52 -53 146 -42 177 20 16 31 87 366 87 410 0 70 -86 122 -155 94z\"\/><path d=\"M1751 3234 c-13 -9 -29 -31 -37 -50 -12 -29 -10 -49 21 -204 19 -94 39 -189 45 -210 14 -50 54 -80 110 -80 34 0 48 6 76 34 21 21 34 44 34 59 0 14 -18 113 -40 219 -37 178 -43 195 -70 221 -36 32 -101 37 -139 11z\"\/><path d=\"M1163 3073 c-36 -7 -73 -59 -73 -102 0 -56 133 -378 171 -413 34 -32 83 -37 129 -13 70 36 67 87 -16 290 -86 209 -89 214 -129 231 -35 14 -42 15 -82 7z\"\/><path d=\"M3689 3066 c-15 -9 -33 -30 -42 -48 -48 -103 -147 -355 -147 -375 0 -98 131 -148 192 -74 13 15 57 108 97 206 80 196 84 226 37 273 -30 30 -99 39 -137 18z\"\/><path d=\"M583 2784 c-38 -19 -67 -74 -58 -113 9 -42 211 -354 242 -373 16 -10 45 -18 66 -18 51 0 107 52 107 100 0 39 -1 41 -124 234 -80 126 -108 162 -133 173 -41 17 -61 16 -100 -3z\"\/><path d=\"M4250 2784 c-14 -9 -74 -91 -133 -183 -95 -150 -107 -173 -107 -213 0 -55 33 -94 87 -104 67 -13 90 8 211 198 130 202 137 225 78 284 -27 27 -42 34 -72 34 -22 0 -50 -8 -64 -16z\"\/><path d=\"M2275 2693 c-553 -48 -1095 -270 -1585 -649 -135 -104 -459 -423 -483 -476 -23 -49 -22 -139 2 -186 73 -142 361 -457 571 -626 285 -228 642 -407 990 -497 242 -63 336 -73 660 -74 310 0 370 5 595 52 535 111 1045 392 1455 803 122 121 250 273 275 326 19 41 19 137 0 174 -41 79 -309 363 -465 492 -447 370 -946 591 -1479 653 -113 14 -422 18 -536 8z m395 -428 c171 -34 330 -124 456 -258 112 -119 167 -219 211 -378 27 -96 24 -300 -5 -401 -72 -255 -236 -447 -474 -557 -132 -62 -201 -76 -368 -76 -167 0 -236 14 -368 76 -213 98 -373 271 -451 485 -162 444 86 934 547 1084 153 49 292 57 452 25z m909 -232 c222 -123 408 -262 593 -441 76 -74 138 -139 138 -144 0 -16 -233 -242 -330 -319 -155 -123 -309 -223 -461 -299 l-81 -41 32 46 c18 26 49 83 70 128 143 306 141 649 -6 957 -25 52 -61 116 -79 142 l-34 47 45 -20 c26 -10 76 -36 113 -56z m-2057 25 c-40 -58 -105 -190 -130 -263 -110 -324 -59 -707 132 -981 25 -35 42 -64 37 -64 -19 0 -241 119 -326 174 -188 122 -406 314 -532 468 l-58 71 108 103 c185 178 428 349 672 473 66 33 121 60 123 61 2 0 -10 -19 -26 -42z\"\/><path d=\"M2375 1950 c-198 -44 -350 -190 -395 -379 -18 -76 -8 -221 19 -290 114 -284 457 -406 731 -260 98 52 188 154 231 260 27 69 37 214 19 290 -38 163 -166 304 -326 360 -67 23 -215 33 -279 19z\"\/><\/g><\/svg><\/i> <img loading=\"lazy\" decoding=\"async\" width=\"16\" height=\"16\" alt=\"Loading\" src=\"https:\/\/www.viva-gladius.com\/wp-content\/plugins\/page-views-count\/ajax-loader-2x.gif\" border=0 \/><\/p><div class=\"pvc_clear\"><\/div>","protected":false},"excerpt":{"rendered":"<p>Kl\u00e1n\u00ed v\u011bk\u016f je ji\u017e tradi\u010dn\u00ed charitativn\u00ed akc\u00ed, kterou po\u0159\u00e1d\u00e1 plze\u0148sk\u00e1 skupina historick\u00e9ho \u0161ermu Gladiatores Viva Gladius a Ran\u010d na \u0160\u00eddlov\u00e1ku ve spolupr\u00e1ci s celou \u0159adou partner\u016f. V roce 2026 n\u00e1s \u010dek\u00e1 ji\u017e 7. ro\u010dn\u00edk t\u00e9to st\u00e1le popul\u00e1rn\u011bj\u0161\u00ed akce. V roce 2026 pom\u016f\u017eeme na\u0161\u00ed kamar\u00e1dce \u0160\u00e1rce. Po dlouhodob\u00fdch probl\u00e9mech s p\u00e1te\u0159\u00ed, zvolili l\u00e9ka\u0159i amputaci obou doln\u00edch kon\u010detin jako nejlep\u0161\u00ed mo\u017enost \u00falevy. I tak je \u0160\u00e1rka vesel\u00e1 a nezatrpkl\u00e1, opl\u00fdvaj\u00edc\u00ed peprn\u011b \u010dern\u00fdm humorem a v\u017edy p\u0159ipravena pomoci komukoliv kdo to pot\u0159ebuje. Te\u010f jsme na \u0159ed\u011b my! \u0160\u00e1rka odm\u00edtla nab\u00eddku na elektrick\u00fd voz\u00edk, nechce aby jej\u00ed t\u011blo zleniv\u011blo. A tak si skrom\u011b p\u0159eje pouh\u00fd mechanick\u00fd voz\u00edk, kter\u00e9mu m\u016f\u017ee v\u011b\u0159it a mo\u017en\u00e1 na n\u011bm i tro\u0161ku sportovat. To d\u00e1me ne?! Partne\u0159i akce: PIZZA-DOMA, RAN\u010c \u0160\u00cdDLOV\u00c1K, ANTICK\u00c9 A EGYPTSK\u00c9 L\u00c1ZN\u011a PLZE\u0147, IVO KADLIC, PLATN\u00c9\u0158STV\u00cd KARAKULA, BEER FACTORY, ZOO PLASY A U \u010cERN\u00c9 LABUT\u011a. VSTUPN\u00c9: Dosp\u011bl\u00ed: 120,-K\u010d D\u011bti: 70,-K\u010d Rodinn\u00e9: 300,-K\u010d Do 5ti let: Zdarma<\/p>\n<div class=\"pvc_clear\"><\/div>\n<p id=\"pvc_stats_557\" class=\"pvc_stats all  \" data-element-id=\"557\" style=\"\"><i class=\"pvc-stats-icon large\" aria-hidden=\"true\"><svg xmlns=\"http:\/\/www.w3.org\/2000\/svg\" version=\"1.0\" viewBox=\"0 0 502 315\" preserveAspectRatio=\"xMidYMid meet\"><g transform=\"translate(0,332) scale(0.1,-0.1)\" fill=\"\" stroke=\"none\"><path d=\"M2394 3279 l-29 -30 -3 -207 c-2 -182 0 -211 15 -242 39 -76 157 -76 196 0 15 31 17 60 15 243 l-3 209 -33 29 c-26 23 -41 29 -80 29 -41 0 -53 -5 -78 -31z\"\/><path d=\"M3085 3251 c-45 -19 -58 -50 -96 -229 -47 -217 -49 -260 -13 -295 52 -53 146 -42 177 20 16 31 87 366 87 410 0 70 -86 122 -155 94z\"\/><path d=\"M1751 3234 c-13 -9 -29 -31 -37 -50 -12 -29 -10 -49 21 -204 19 -94 39 -189 45 -210 14 -50 54 -80 110 -80 34 0 48 6 76 34 21 21 34 44 34 59 0 14 -18 113 -40 219 -37 178 -43 195 -70 221 -36 32 -101 37 -139 11z\"\/><path d=\"M1163 3073 c-36 -7 -73 -59 -73 -102 0 -56 133 -378 171 -413 34 -32 83 -37 129 -13 70 36 67 87 -16 290 -86 209 -89 214 -129 231 -35 14 -42 15 -82 7z\"\/><path d=\"M3689 3066 c-15 -9 -33 -30 -42 -48 -48 -103 -147 -355 -147 -375 0 -98 131 -148 192 -74 13 15 57 108 97 206 80 196 84 226 37 273 -30 30 -99 39 -137 18z\"\/><path d=\"M583 2784 c-38 -19 -67 -74 -58 -113 9 -42 211 -354 242 -373 16 -10 45 -18 66 -18 51 0 107 52 107 100 0 39 -1 41 -124 234 -80 126 -108 162 -133 173 -41 17 -61 16 -100 -3z\"\/><path d=\"M4250 2784 c-14 -9 -74 -91 -133 -183 -95 -150 -107 -173 -107 -213 0 -55 33 -94 87 -104 67 -13 90 8 211 198 130 202 137 225 78 284 -27 27 -42 34 -72 34 -22 0 -50 -8 -64 -16z\"\/><path d=\"M2275 2693 c-553 -48 -1095 -270 -1585 -649 -135 -104 -459 -423 -483 -476 -23 -49 -22 -139 2 -186 73 -142 361 -457 571 -626 285 -228 642 -407 990 -497 242 -63 336 -73 660 -74 310 0 370 5 595 52 535 111 1045 392 1455 803 122 121 250 273 275 326 19 41 19 137 0 174 -41 79 -309 363 -465 492 -447 370 -946 591 -1479 653 -113 14 -422 18 -536 8z m395 -428 c171 -34 330 -124 456 -258 112 -119 167 -219 211 -378 27 -96 24 -300 -5 -401 -72 -255 -236 -447 -474 -557 -132 -62 -201 -76 -368 -76 -167 0 -236 14 -368 76 -213 98 -373 271 -451 485 -162 444 86 934 547 1084 153 49 292 57 452 25z m909 -232 c222 -123 408 -262 593 -441 76 -74 138 -139 138 -144 0 -16 -233 -242 -330 -319 -155 -123 -309 -223 -461 -299 l-81 -41 32 46 c18 26 49 83 70 128 143 306 141 649 -6 957 -25 52 -61 116 -79 142 l-34 47 45 -20 c26 -10 76 -36 113 -56z m-2057 25 c-40 -58 -105 -190 -130 -263 -110 -324 -59 -707 132 -981 25 -35 42 -64 37 -64 -19 0 -241 119 -326 174 -188 122 -406 314 -532 468 l-58 71 108 103 c185 178 428 349 672 473 66 33 121 60 123 61 2 0 -10 -19 -26 -42z\"\/><path d=\"M2375 1950 c-198 -44 -350 -190 -395 -379 -18 -76 -8 -221 19 -290 114 -284 457 -406 731 -260 98 52 188 154 231 260 27 69 37 214 19 290 -38 163 -166 304 -326 360 -67 23 -215 33 -279 19z\"\/><\/g><\/svg><\/i> <img loading=\"lazy\" decoding=\"async\" width=\"16\" height=\"16\" alt=\"Loading\" src=\"https:\/\/www.viva-gladius.com\/wp-content\/plugins\/page-views-count\/ajax-loader-2x.gif\" border=0 \/><\/p>\n<div class=\"pvc_clear\"><\/div>\n","protected":false},"author":1,"featured_media":564,"parent":0,"menu_order":0,"comment_status":"closed","ping_status":"closed","template":"","meta":{"_monsterinsights_skip_tracking":false,"_monsterinsights_sitenote_active":false,"_monsterinsights_sitenote_note":"","_monsterinsights_sitenote_category":0,"footnotes":""},"class_list":["post-557","page","type-page","status-publish","has-post-thumbnail","hentry"],"yoast_head":"<!-- This site is optimized with the Yoast SEO plugin v27.2 - https:\/\/yoast.com\/product\/yoast-seo-wordpress\/ -->\n<title>Kl\u00e1n\u00ed v\u011bk\u016f - Viva Gladius<\/title>\n<meta name=\"robots\" content=\"index, follow, max-snippet:-1, max-image-preview:large, max-video-preview:-1\" \/>\n<link rel=\"canonical\" href=\"https:\/\/www.viva-gladius.com\/?page_id=557\" \/>\n<meta property=\"og:locale\" content=\"cs_CZ\" \/>\n<meta property=\"og:type\" content=\"article\" \/>\n<meta property=\"og:title\" content=\"Kl\u00e1n\u00ed v\u011bk\u016f - Viva Gladius\" \/>\n<meta property=\"og:description\" content=\"Kl\u00e1n\u00ed v\u011bk\u016f je ji\u017e tradi\u010dn\u00ed charitativn\u00ed akc\u00ed, kterou po\u0159\u00e1d\u00e1 plze\u0148sk\u00e1 skupina historick\u00e9ho \u0161ermu Gladiatores Viva Gladius a Ran\u010d na \u0160\u00eddlov\u00e1ku ve spolupr\u00e1ci s celou \u0159adou partner\u016f. V roce 2026 n\u00e1s \u010dek\u00e1 ji\u017e 7. ro\u010dn\u00edk t\u00e9to st\u00e1le popul\u00e1rn\u011bj\u0161\u00ed akce. V roce 2026 pom\u016f\u017eeme na\u0161\u00ed kamar\u00e1dce \u0160\u00e1rce. Po dlouhodob\u00fdch probl\u00e9mech s p\u00e1te\u0159\u00ed, zvolili l\u00e9ka\u0159i amputaci obou doln\u00edch kon\u010detin jako nejlep\u0161\u00ed mo\u017enost \u00falevy. I tak je \u0160\u00e1rka vesel\u00e1 a nezatrpkl\u00e1, opl\u00fdvaj\u00edc\u00ed peprn\u011b \u010dern\u00fdm humorem a v\u017edy p\u0159ipravena pomoci komukoliv kdo to pot\u0159ebuje. Te\u010f jsme na \u0159ed\u011b my! \u0160\u00e1rka odm\u00edtla nab\u00eddku na elektrick\u00fd voz\u00edk, nechce aby jej\u00ed t\u011blo zleniv\u011blo. A tak si skrom\u011b p\u0159eje pouh\u00fd mechanick\u00fd voz\u00edk, kter\u00e9mu m\u016f\u017ee v\u011b\u0159it a mo\u017en\u00e1 na n\u011bm i tro\u0161ku sportovat. To d\u00e1me ne?! Partne\u0159i akce: PIZZA-DOMA, RAN\u010c \u0160\u00cdDLOV\u00c1K, ANTICK\u00c9 A EGYPTSK\u00c9 L\u00c1ZN\u011a PLZE\u0147, IVO KADLIC, PLATN\u00c9\u0158STV\u00cd KARAKULA, BEER FACTORY, ZOO PLASY A U \u010cERN\u00c9 LABUT\u011a. VSTUPN\u00c9: Dosp\u011bl\u00ed: 120,-K\u010d D\u011bti: 70,-K\u010d Rodinn\u00e9: 300,-K\u010d Do 5ti let: Zdarma\" \/>\n<meta property=\"og:url\" content=\"https:\/\/www.viva-gladius.com\/?page_id=557\" \/>\n<meta property=\"og:site_name\" content=\"Viva Gladius\" \/>\n<meta property=\"article:modified_time\" content=\"2026-01-18T10:50:11+00:00\" \/>\n<meta property=\"og:image\" content=\"https:\/\/www.viva-gladius.com\/wp-content\/uploads\/2024\/05\/Klani-veku-cerna-768x695-2.png\" \/>\n\t<meta property=\"og:image:width\" content=\"768\" \/>\n\t<meta property=\"og:image:height\" content=\"695\" \/>\n\t<meta property=\"og:image:type\" content=\"image\/png\" \/>\n<meta name=\"twitter:card\" content=\"summary_large_image\" \/>\n<meta name=\"twitter:label1\" content=\"Odhadovan\u00e1 doba \u010dten\u00ed\" \/>\n\t<meta name=\"twitter:data1\" content=\"2 minuty\" \/>\n<script type=\"application\/ld+json\" class=\"yoast-schema-graph\">{\"@context\":\"https:\/\/schema.org\",\"@graph\":[{\"@type\":\"WebPage\",\"@id\":\"https:\/\/www.viva-gladius.com\/?page_id=557\",\"url\":\"https:\/\/www.viva-gladius.com\/?page_id=557\",\"name\":\"Kl\u00e1n\u00ed v\u011bk\u016f - Viva Gladius\",\"isPartOf\":{\"@id\":\"https:\/\/www.viva-gladius.com\/#website\"},\"primaryImageOfPage\":{\"@id\":\"https:\/\/www.viva-gladius.com\/?page_id=557#primaryimage\"},\"image\":{\"@id\":\"https:\/\/www.viva-gladius.com\/?page_id=557#primaryimage\"},\"thumbnailUrl\":\"https:\/\/www.viva-gladius.com\/wp-content\/uploads\/2024\/05\/Klani-veku-cerna-768x695-2.png\",\"datePublished\":\"2024-05-05T09:08:25+00:00\",\"dateModified\":\"2026-01-18T10:50:11+00:00\",\"breadcrumb\":{\"@id\":\"https:\/\/www.viva-gladius.com\/?page_id=557#breadcrumb\"},\"inLanguage\":\"cs\",\"potentialAction\":[{\"@type\":\"ReadAction\",\"target\":[\"https:\/\/www.viva-gladius.com\/?page_id=557\"]}]},{\"@type\":\"ImageObject\",\"inLanguage\":\"cs\",\"@id\":\"https:\/\/www.viva-gladius.com\/?page_id=557#primaryimage\",\"url\":\"https:\/\/www.viva-gladius.com\/wp-content\/uploads\/2024\/05\/Klani-veku-cerna-768x695-2.png\",\"contentUrl\":\"https:\/\/www.viva-gladius.com\/wp-content\/uploads\/2024\/05\/Klani-veku-cerna-768x695-2.png\",\"width\":768,\"height\":695},{\"@type\":\"BreadcrumbList\",\"@id\":\"https:\/\/www.viva-gladius.com\/?page_id=557#breadcrumb\",\"itemListElement\":[{\"@type\":\"ListItem\",\"position\":1,\"name\":\"Home\",\"item\":\"https:\/\/www.viva-gladius.com\/\"},{\"@type\":\"ListItem\",\"position\":2,\"name\":\"Kl\u00e1n\u00ed v\u011bk\u016f\"}]},{\"@type\":\"WebSite\",\"@id\":\"https:\/\/www.viva-gladius.com\/#website\",\"url\":\"https:\/\/www.viva-gladius.com\/\",\"name\":\"Viva Gladius\",\"description\":\"KONE\u010cN\u00c9 V\u00cdT\u011aZSTV\u00cd, NEBO SMRT!\",\"potentialAction\":[{\"@type\":\"SearchAction\",\"target\":{\"@type\":\"EntryPoint\",\"urlTemplate\":\"https:\/\/www.viva-gladius.com\/?s={search_term_string}\"},\"query-input\":{\"@type\":\"PropertyValueSpecification\",\"valueRequired\":true,\"valueName\":\"search_term_string\"}}],\"inLanguage\":\"cs\"}]}<\/script>\n<!-- \/ Yoast SEO plugin. -->","yoast_head_json":{"title":"Kl\u00e1n\u00ed v\u011bk\u016f - Viva Gladius","robots":{"index":"index","follow":"follow","max-snippet":"max-snippet:-1","max-image-preview":"max-image-preview:large","max-video-preview":"max-video-preview:-1"},"canonical":"https:\/\/www.viva-gladius.com\/?page_id=557","og_locale":"cs_CZ","og_type":"article","og_title":"Kl\u00e1n\u00ed v\u011bk\u016f - Viva Gladius","og_description":"Kl\u00e1n\u00ed v\u011bk\u016f je ji\u017e tradi\u010dn\u00ed charitativn\u00ed akc\u00ed, kterou po\u0159\u00e1d\u00e1 plze\u0148sk\u00e1 skupina historick\u00e9ho \u0161ermu Gladiatores Viva Gladius a Ran\u010d na \u0160\u00eddlov\u00e1ku ve spolupr\u00e1ci s celou \u0159adou partner\u016f. V roce 2026 n\u00e1s \u010dek\u00e1 ji\u017e 7. ro\u010dn\u00edk t\u00e9to st\u00e1le popul\u00e1rn\u011bj\u0161\u00ed akce. V roce 2026 pom\u016f\u017eeme na\u0161\u00ed kamar\u00e1dce \u0160\u00e1rce. Po dlouhodob\u00fdch probl\u00e9mech s p\u00e1te\u0159\u00ed, zvolili l\u00e9ka\u0159i amputaci obou doln\u00edch kon\u010detin jako nejlep\u0161\u00ed mo\u017enost \u00falevy. I tak je \u0160\u00e1rka vesel\u00e1 a nezatrpkl\u00e1, opl\u00fdvaj\u00edc\u00ed peprn\u011b \u010dern\u00fdm humorem a v\u017edy p\u0159ipravena pomoci komukoliv kdo to pot\u0159ebuje. Te\u010f jsme na \u0159ed\u011b my! \u0160\u00e1rka odm\u00edtla nab\u00eddku na elektrick\u00fd voz\u00edk, nechce aby jej\u00ed t\u011blo zleniv\u011blo. A tak si skrom\u011b p\u0159eje pouh\u00fd mechanick\u00fd voz\u00edk, kter\u00e9mu m\u016f\u017ee v\u011b\u0159it a mo\u017en\u00e1 na n\u011bm i tro\u0161ku sportovat. To d\u00e1me ne?! Partne\u0159i akce: PIZZA-DOMA, RAN\u010c \u0160\u00cdDLOV\u00c1K, ANTICK\u00c9 A EGYPTSK\u00c9 L\u00c1ZN\u011a PLZE\u0147, IVO KADLIC, PLATN\u00c9\u0158STV\u00cd KARAKULA, BEER FACTORY, ZOO PLASY A U \u010cERN\u00c9 LABUT\u011a. VSTUPN\u00c9: Dosp\u011bl\u00ed: 120,-K\u010d D\u011bti: 70,-K\u010d Rodinn\u00e9: 300,-K\u010d Do 5ti let: Zdarma","og_url":"https:\/\/www.viva-gladius.com\/?page_id=557","og_site_name":"Viva Gladius","article_modified_time":"2026-01-18T10:50:11+00:00","og_image":[{"width":768,"height":695,"url":"https:\/\/www.viva-gladius.com\/wp-content\/uploads\/2024\/05\/Klani-veku-cerna-768x695-2.png","type":"image\/png"}],"twitter_card":"summary_large_image","twitter_misc":{"Odhadovan\u00e1 doba \u010dten\u00ed":"2 minuty"},"schema":{"@context":"https:\/\/schema.org","@graph":[{"@type":"WebPage","@id":"https:\/\/www.viva-gladius.com\/?page_id=557","url":"https:\/\/www.viva-gladius.com\/?page_id=557","name":"Kl\u00e1n\u00ed v\u011bk\u016f - Viva Gladius","isPartOf":{"@id":"https:\/\/www.viva-gladius.com\/#website"},"primaryImageOfPage":{"@id":"https:\/\/www.viva-gladius.com\/?page_id=557#primaryimage"},"image":{"@id":"https:\/\/www.viva-gladius.com\/?page_id=557#primaryimage"},"thumbnailUrl":"https:\/\/www.viva-gladius.com\/wp-content\/uploads\/2024\/05\/Klani-veku-cerna-768x695-2.png","datePublished":"2024-05-05T09:08:25+00:00","dateModified":"2026-01-18T10:50:11+00:00","breadcrumb":{"@id":"https:\/\/www.viva-gladius.com\/?page_id=557#breadcrumb"},"inLanguage":"cs","potentialAction":[{"@type":"ReadAction","target":["https:\/\/www.viva-gladius.com\/?page_id=557"]}]},{"@type":"ImageObject","inLanguage":"cs","@id":"https:\/\/www.viva-gladius.com\/?page_id=557#primaryimage","url":"https:\/\/www.viva-gladius.com\/wp-content\/uploads\/2024\/05\/Klani-veku-cerna-768x695-2.png","contentUrl":"https:\/\/www.viva-gladius.com\/wp-content\/uploads\/2024\/05\/Klani-veku-cerna-768x695-2.png","width":768,"height":695},{"@type":"BreadcrumbList","@id":"https:\/\/www.viva-gladius.com\/?page_id=557#breadcrumb","itemListElement":[{"@type":"ListItem","position":1,"name":"Home","item":"https:\/\/www.viva-gladius.com\/"},{"@type":"ListItem","position":2,"name":"Kl\u00e1n\u00ed v\u011bk\u016f"}]},{"@type":"WebSite","@id":"https:\/\/www.viva-gladius.com\/#website","url":"https:\/\/www.viva-gladius.com\/","name":"Viva Gladius","description":"KONE\u010cN\u00c9 V\u00cdT\u011aZSTV\u00cd, NEBO SMRT!","potentialAction":[{"@type":"SearchAction","target":{"@type":"EntryPoint","urlTemplate":"https:\/\/www.viva-gladius.com\/?s={search_term_string}"},"query-input":{"@type":"PropertyValueSpecification","valueRequired":true,"valueName":"search_term_string"}}],"inLanguage":"cs"}]}},"_links":{"self":[{"href":"https:\/\/www.viva-gladius.com\/index.php?rest_route=\/wp\/v2\/pages\/557","targetHints":{"allow":["GET"]}}],"collection":[{"href":"https:\/\/www.viva-gladius.com\/index.php?rest_route=\/wp\/v2\/pages"}],"about":[{"href":"https:\/\/www.viva-gladius.com\/index.php?rest_route=\/wp\/v2\/types\/page"}],"author":[{"embeddable":true,"href":"https:\/\/www.viva-gladius.com\/index.php?rest_route=\/wp\/v2\/users\/1"}],"replies":[{"embeddable":true,"href":"https:\/\/www.viva-gladius.com\/index.php?rest_route=%2Fwp%2Fv2%2Fcomments&post=557"}],"version-history":[{"count":6,"href":"https:\/\/www.viva-gladius.com\/index.php?rest_route=\/wp\/v2\/pages\/557\/revisions"}],"predecessor-version":[{"id":1444,"href":"https:\/\/www.viva-gladius.com\/index.php?rest_route=\/wp\/v2\/pages\/557\/revisions\/1444"}],"wp:featuredmedia":[{"embeddable":true,"href":"https:\/\/www.viva-gladius.com\/index.php?rest_route=\/wp\/v2\/media\/564"}],"wp:attachment":[{"href":"https:\/\/www.viva-gladius.com\/index.php?rest_route=%2Fwp%2Fv2%2Fmedia&parent=557"}],"curies":[{"name":"wp","href":"https:\/\/api.w.org\/{rel}","templated":true}]}}